+ 16, -5*k + 8 + 12 = 0. Suppose a = -5*l + 472 + 88. Let b = l + -79. Is b prime?
False
Let x be (-1 + -1)/((-4)/(-524)). Is x/(-3)*(-15)/(-10) a prime number?
True
Suppose 3*j - 9 = -3. Let l be (-601 + 1)/(-3) + j. Suppose 3*n = h + l, -4*n = -0*h - 3*h - 271. Is n composite?
False
Let c be 15/6*(-4)/(-5). Suppose 0 = -y + c*y + 4. Is (-11)/y*24/2 composite?
True
Let m = -1955 + 1336. Let z = 888 + m. Is z composite?
False
Let l = -135 + 190. Is l a composite number?
True
Let c(v) = -v**2 - 5*v - 5. Let j be c(-5). Let p = -8 - j. Is (-238)/p*(-3)/(-2) a prime number?
False
Is (-17908)/(-20) - ((-13)/5 + 3) a composite number?
True
Suppose -2*h + 730 = -264. Is h a composite number?
True
Let t = 11 - 8. Suppose t*y + 0*y - 306 = 0. Suppose -3*i + y = -57. Is i prime?
True
Let o = 35 + -25. Let q = -17 + o. Let g = 14 + q. Is g a composite number?
False
Suppose o - 5*i = 2636, 2*o + i + 2*i = 5207. Is o a prime number?
False
Suppose 3*k - 12 = -0. Let v = 5 - k. Let f(z) = 59*z - 1. Is f(v) a prime number?
False
Let p(n) = 12*n**3 - 4*n**2 + 2*n - 7. Let f(t) = 2*t**2 - t. Let w be f(-1). Is p(w) a composite number?
True
Suppose -2*c = -c - 2. Suppose -a + v + 1531 = c*a, 5*a - 2533 = -3*v. Is a a composite number?
False
Let w = 2179 - 362. Is w prime?
False
Let g(j) = 26*j - 3. Suppose 4*c = 2*x + 12, -x - 2*c - 2 = -6*x. Is g(x) composite?
True
Let v be 2 + (-3)/(9/240). Let q = -367 - -198. Let s = v - q. Is s a composite number?
True
Suppose -34 = 2*f - 212. Is f composite?
False
Suppose -3*s = -2*i - 3889, -4*s - 541 = i - 5708. Is s a prime number?
False
Let f(s) = -2*s**3 + 11*s**2 + 5. Let d be f(8). Let g = -58 - d. Is g a composite number?
False
Let k(n) = 27*n**2 + 11*n + 10. Let a be k(-7). Suppose 4*j - a - 260 = 0. Is j composite?
False
Let c(d) = d**3 + 9*d**2 + 7*d - 4. Let b be c(-8). Suppose 3*m + 9 = 0, 0*s + 2*s + b*m - 26 = 0. Is s prime?
True
Let a(s) = 7*s + 2 - 3*s + s + 24*s. Is a(3) prime?
True
Let n(s) = -6*s + 41. Is n(-7) a prime number?
True
Let l(s) = s**2 + 2*s + 7. Is l(-12) a prime number?
True
Let u(r) = -588*r - 37. Is u(-6) a composite number?
False
Suppose -3 + 4 = s. Let o(k) = k**2 + 1. Let u be o(s). Is (2/2)/(u/28) a prime number?
False
Let l = 1 - -3. Suppose f - 52 = l*n + 5, -5*n + 256 = 3*f. Is f prime?
False
Let j(z) = -z**3 - z**2 - 15. Let d be j(0). Let g = 33 + d. Is (-2)/(1 - g/15) composite?
True
Let c be 140/18 + (-2)/(-9). Suppose -3*w - 50 = -c*w. Is 652/20 + 4/w a composite number?
True
Suppose -1004 = -7*c + 3*c. Is c prime?
True
Let s be 6/2*3/1. Suppose 96*f = 95*f + 57. Suppose -6*m - f = -s*m. Is m a composite number?
False
Let b = 0 - 0. Let n be (1/3 - 1)*-3. Suppose n*x - 5*x + 237 = b. Is x composite?
False
Let q be -395 - (1 - (0 + 1)). Let i be (-6)/(-15)*(0 + q). Is i/((-1)/(2/4)) a composite number?
False
Let p = 224 - -183. Is p prime?
False
Suppose -4*n + 2753 = -v, -3*n + 2082 = 6*v - v. Is n prime?
False
Suppose -i + 4 = 2*g + 2*i, -4*g + 3*i = -8. Suppose -2*s + 0 = -3*q + 18, -3*s - g*q - 1 = 0. Let j(b) = b**2 - 3*b + 4. Is j(s) composite?
True
Suppose 15*s - 5854 = 13*s. Is s a composite number?
False
Suppose 5*m - 45 = -5*a, -4*a + m + 10 + 1 = 0. Let p = -755 - -1526. Suppose -a*d + p = -d. Is d composite?
False
Is (1 + 225/(-2))/((-3)/6) a composite number?
False
Let n(d) = d. Let r be n(2). Let p(u) = 170*u**2 + 5*u - 5. Is p(r) prime?
False
Let k(w) = 91*w**2 - 3*w + 13. Is k(-6) a prime number?
True
Let u = 0 + 0. Suppose 2*h - 6*h + 132 = u. Suppose -x - h + 130 = 0. Is x prime?
True
Let y(d) = 18*d**2 + 19*d - 7. Is y(14) prime?
False
Let d = 756 + -435. Suppose 3*p - 252 = -2*k - 37, -3*k = 4*p - d. Is k a prime number?
True
Is (2603 - 15/5) + (-3)/3 a prime number?
False
Let n(v) = 43*v - 11. Is n(4) a composite number?
True
Let b(z) = 2*z**3 - 15*z**2 - 7*z - 3. Is b(11) composite?
True
Let w = -78 - -138. Let t = w - 11. Is t prime?
False
Suppose 2*a = 5*x + 33, 0 = -5*a - 5*x - 0 - 5. Suppose -126 = v - a*v. Let l = 79 - v. Is l a composite number?
False
Let h be 3 + -1 + (51 - 5). Suppose -3*f - 3*k = -5*k - h, -4*k - 12 = 0. Is f a prime number?
False
Let j = -105 + 20. Let y = 212 + j. Is y a composite number?
False
Is (-9730)/15*3/(-2) composite?
True
Let j(c) = -28*c + 15. Is j(-11) prime?
False
Suppose 4*x = 5*z - 12, -3*x - 9 = -2*z - 0*z. Suppose -3*w - w - 12 = z, 5*v - 166 = -3*w. Is v prime?
False
Let q = 349 + 118. Is q a composite number?
False
Suppose -w + 3*w = 0. Suppose w = -2*o - g + 45, 4*o + 2*g + 2*g - 96 = 0. Is o prime?
False
Let a be 0*(-2)/(-4)*-1. Suppose a = -z + 388 + 65. Suppose z = 4*f - 1423. Is f a prime number?
False
Suppose a + 36 = -3*a. Let g be a/(-6)*10/3. Is (5 + g)*11/2 prime?
False
Let y be (-26)/(-4) - (-2)/(-4). Suppose l - y*l + 20 = 0. Suppose 0 = -p + l*q + 26, -2*q = -2*p - 4*q + 42. Is p prime?
False
Let t be 1/2 + 9/(-2). Let f be (-1*1)/(-5 - t). Is f - (1 + 20/(-2)) a prime number?
False
Let q(u) be the third derivative of u**6/120 + 2*u**5/15 + 5*u**3/3 - 2*u**2. Is q(-7) prime?
True
Suppose -2*l = -l. Suppose b - 3 = -l*b. Let g(t) = 6*t**2 - t + 4. Is g(b) a prime number?
False
Suppose l + 3 + 1 = 0. Let f(a) = -1 - 2 - 3 - 77*a + 3. Is f(l) a composite number?
True
Let d = 3 + 0. Let z = 22 - d. Is z a prime number?
True
Let r = -323 + 844. Is r prime?
True
Let a(i) = i**2 + 2*i + 1. Suppose -5*p - 2*n = 0, 2*p - 3 = 6*p + n. Let l be a(p). Is l + 3 + (-8)/4 prime?
True
Let k be (-18*1)/(1 - 3). Suppose u - 24 = k. Is u a composite number?
True
Let t(y) = 26*y - 19. Is t(4) a composite number?
True
Let x = 2053 + -396. Is x a composite number?
False
Suppose c + c - 262 = 0. Is c prime?
True
Suppose 5*c + 3*q - 505 = -2*q, 3*c - 3*q = 279. Is c a prime number?
True
Suppose -a - 20 = 4*q - 7, 0 = -a + q + 7. Is a a prime number?
True
Let v(c) = -5*c - 7. Suppose -2*g - 2*g - 32 = 0. Is v(g) prime?
False
Is 2/(-5) - (-13542)/30 a prime number?
False
Suppose 5*o - 2037 = -2*w, o - 477 + 72 = 2*w. Is o prime?
False
Suppose -2*m + 0*m + 178 = 0. Is m a composite number?
False
Let l(i) = 11*i - 5. Let z(a) = 12*a - 4. Let o(f) = -60*f + 20. Let r(v) = 3*o(v) + 14*z(v). Let k(n) = -3*l(n) - 4*r(n). Is k(4) composite?
False
Let y(a) be the second derivative of -131*a**5/20 + a**4/6 + a**3/3 + a**2/2 + a. Let o be y(-1). Let z = 211 - o. Is z prime?
True
Let q(u) = -5 + 25 - 11 - 3*u. Is q(-10) a composite number?
True
Let y(n) = 22*n**2 + 4*n + 13. Is y(-3) composite?
False
Let t(j) = j**3 + 2*j**2 - 2*j. Let g be t(-3). Is ((-191)/g)/((-6)/(-18)) prime?
True
Suppose 2*v + 3 - 9 = 0. Let o(u) = 20*u - 2*u + v - 4. Is o(2) prime?
False
Is (-807)/((15/(-35))/1) a prime number?
False
Suppose y + 178 = 3*y. Is y a composite number?
False
Let w(l) = -3 + 5 - l + 8. Let k be w(0). Let y = k + 16. Is y a prime number?
False
Suppose 5*k + 2*j - 3 = j, 6 = -5*k + 2*j. Let b(c) = -1 + c - 7*c + k*c. Is b(-2) a composite number?
False
Let x = 0 - 3. Let m(f) = -18*f - 1. Is m(x) a composite number?
False
Suppose 4 + 1 = -5*g. Let f be 134*g/(-4)*2. Suppose 0 = -5*a - 3*m + 93 + 18, 3*a - f = -2*m. Is a composite?
True
Suppose -3*y - 6 = -3*r, 4*r + 0*y + 4*y = 0. Suppose 4*s - r = -17. Let u(j) = j**3 + 6*j**2 + 4*j - 2. Is u(s) composite?
True
Suppose 0*h + 4268 = 4*h. Is h prime?
False
Let s(z) = -6*z**3 - 2*z**2 - 2*z - 1. Let n be s(-1). Let u be ((-108)/15 - -2)*n. Let p = u - -57. Is p a prime number?
True
Let m(n) be the first derivative of 2*n**2 + 13*n - 1. Is m(6) a composite number?
False
Let o be 1 - (-2 + (-13 - 1)). Let k = o - 8. Is k prime?
False
Let x(a) = 6*a - a**2 + 3 + 0 + 3 + 0*a**2. Let v be x(8). Is (v/(-3))/((-2)/(-69)) composite?
True
Suppose 9*j = 13*j - 1676. Is j composite?
False
Let u = 31 + 38. Is u a prime number?
False
Let t = -65 + 229. Suppose -2*w = -4*w + t. Is w composite?
True
Let p(b) = -4*b**3 - 2*b**2 - 2*b + 1. Is p(-3) a prime number?
True
Let n(c) = 5*c**2 + 10*c + 12. Is n(-7) composite?
True
Suppose 0 = -4*v - 3*u + 327, 2*v - 150 = -4*u + 16. Let r be 2/(-7) - (-26)/(-7). Let j = v + r. Is j composite?
True
Let k = 270 + 827. Is k a composite number?
False
Let v be (4/10)/((-6)/(-120)). Let f(j) = 3*j - 1. Let w be f(2). Let x = v - w. Is x composite?
False
Let v be